{"id":349,"date":"2024-09-23T16:00:35","date_gmt":"2024-09-23T14:00:35","guid":{"rendered":"https:\/\/store.leclairante.fr\/?post_type=product&#038;p=349"},"modified":"2025-05-26T16:57:24","modified_gmt":"2025-05-26T14:57:24","slug":"ciel-fauve","status":"publish","type":"product","link":"https:\/\/leclairante.fr\/index.php\/produit\/ciel-fauve\/","title":{"rendered":"Ciel de Mars"},"content":{"rendered":"<p><span class=\"relative -mx-px my-[-0.2rem] rounded px-px py-[0.2rem] transition-colors duration-100 ease-in-out\">L\u2019abat-jour <strong data-start=\"12\" data-end=\"28\">Ciel de Mars<\/strong> diffuse une lumi\u00e8re douce et apaisante, cr\u00e9ant une ambiance chaleureuse dans votre espace de vie.<\/span> <span class=\"relative -mx-px my-[-0.2rem] rounded px-px py-[0.2rem] transition-colors duration-100 ease-in-out\">Son design \u00e9pur\u00e9 et ses mat\u00e9riaux nobles en font une pi\u00e8ce ma\u00eetresse de votre d\u00e9coration, s\u2019int\u00e9grant parfaitement dans un int\u00e9rieur contemporain ou classique.<\/span><\/p>\n","protected":false},"excerpt":{"rendered":"<p data-start=\"519\" data-end=\"669\"><span class=\"relative -mx-px my-[-0.2rem] rounded px-px py-[0.2rem] transition-colors duration-100 ease-in-out\">Plongez votre int\u00e9rieur dans une atmosph\u00e8re po\u00e9tique avec l\u2019abat-jour <strong data-start=\"70\" data-end=\"86\">Ciel de Mars<\/strong>, une cr\u00e9ation artisanale sign\u00e9e L\u2019\u00e9clairante.<\/span> <span class=\"relative -mx-px my-[-0.2rem] rounded px-px py-[0.2rem] transition-colors duration-100 ease-in-out\">Confectionn\u00e9 \u00e0 la main, ce luminaire unique associe un tissu noble m\u00ealant soie et lin, dans un bleu profond \u00e9voquant le ciel nocturne.<\/span> <span class=\"relative -mx-px my-[-0.2rem] rounded px-px py-[0.2rem] transition-colors duration-100 ease-in-out\">Des rubans mandarine et or viennent illuminer ce ciel de pluie, apportant une touche d\u2019\u00e9clat et de chaleur.<\/span><\/p>\n","protected":false},"featured_media":585,"comment_status":"open","ping_status":"closed","template":"","meta":[],"product_brand":[],"product_cat":[29],"product_tag":[],"class_list":{"0":"post-349","1":"product","2":"type-product","3":"status-publish","4":"has-post-thumbnail","6":"product_cat-abat-jour-pour-lampe-a-poser","7":"product_shipping_class-small","9":"first","10":"instock","11":"purchasable","12":"product-type-simple"},"_links":{"self":[{"href":"https:\/\/leclairante.fr\/index.php\/wp-json\/wp\/v2\/product\/349","targetHints":{"allow":["GET"]}}],"collection":[{"href":"https:\/\/leclairante.fr\/index.php\/wp-json\/wp\/v2\/product"}],"about":[{"href":"https:\/\/leclairante.fr\/index.php\/wp-json\/wp\/v2\/types\/product"}],"replies":[{"embeddable":true,"href":"https:\/\/leclairante.fr\/index.php\/wp-json\/wp\/v2\/comments?post=349"}],"wp:featuredmedia":[{"embeddable":true,"href":"https:\/\/leclairante.fr\/index.php\/wp-json\/wp\/v2\/media\/585"}],"wp:attachment":[{"href":"https:\/\/leclairante.fr\/index.php\/wp-json\/wp\/v2\/media?parent=349"}],"wp:term":[{"taxonomy":"product_brand","embeddable":true,"href":"https:\/\/leclairante.fr\/index.php\/wp-json\/wp\/v2\/product_brand?post=349"},{"taxonomy":"product_cat","embeddable":true,"href":"https:\/\/leclairante.fr\/index.php\/wp-json\/wp\/v2\/product_cat?post=349"},{"taxonomy":"product_tag","embeddable":true,"href":"https:\/\/leclairante.fr\/index.php\/wp-json\/wp\/v2\/product_tag?post=349"}],"curies":[{"name":"wp","href":"https:\/\/api.w.org\/{rel}","templated":true}]}}